 0. Calculate the remainder when z is divided by q.
25
Let n = 271 - 257. What is the remainder when 39 is divided by n?
11
Suppose 0 = p - 5*o - 89, 8*o = 4*p + 10*o - 268. Calculate the remainder when p is divided by 69.
0
Suppose u - 48 = -45. Calculate the remainder when 296 is divided by u.
2
Suppose -2*n - 10 = -2*p, p - 9 = -5*n + 2*n. Suppose p*x - 82 = -22. What is the remainder when 57 is divided by x?
7
Calculate the remainder when 52 is divided by 4/56*7*78/1.
13
Suppose 0 = 4*h + 3*b - 891, 3*b + 861 = h + 3*h. What is the remainder when h is divided by 101?
17
Let s(i) = -6*i - 142. What is the remainder when s(-28) is divided by 15?
11
Let r(z) = z**3 + 18*z**2 - 2*z - 8. What is the remainder when 78 is divided by r(-18)?
22
Suppose 4*j + 4*j - 56 = 0. Suppose 35 = -j*f + 84. Let z(g) = g**3 - 2*g**2 - 7*g + 5. Calculate the remainder when z(4) is divided by f.
2
Suppose 0*v + 4*v - 5*k = 494, 4*v - 486 = k. Calculate the remainder when v is divided by 25.
21
Suppose -5*d + 10*d - 45 = 0. Calculate the remainder when ((-11)/2)/(d/(-18)) is divided by 7.
4
Calculate the remainder when 211 is divided by ((-124)/31)/(4/(-31)).
25
Suppose -33*w + 19*w + 952 = 0. What is the remainder when w is divided by 7?
5
Suppose -y - 10*y = -726. Suppose y = 5*w + 3*q, 4*q = -0*q + 8. What is the remainder when 41 is divided by w?
5
Let x be (-30)/(-20)*(-8)/(-6). Suppose 5*v = x*j + 271, -j = 2*v - 68 - 35. Calculate the remainder when v is divided by 28.
25
Let k(t) = t**3 + 7*t**2 - 20. What is the remainder when 46 is divided by k(-4)?
18
Let a = -296 + 349. Calculate the remainder when 206 is divided by a.
47
Let v(f) = 2*f**2 + 50*f - 162. Let d be (1*17)/(1 - 0). What is the remainder when 2/2 + (d - -2) is divided by v(-28)?
2
Suppose -109*w + 110*w = 6. Let v = -8 - -10. What is the remainder when (-16)/(-12)*33/v is divided by w?
4
Let a(h) = h**2 + 2. Let m be a(0). Suppose 4*v - 46 = m*v. Suppose -p = -3*p + 86. What is the remainder when p is divided by v?
20
Let l = 111 + 67. What is the remainder when l is divided by 20?
18
Suppose -2*c = -o + 5 + 8, 5*c + 40 = 4*o. Suppose 35 = 3*g + o*n - 272, -g + 103 = n. Calculate the remainder when g is divided by 21.
20
Let r = 21 + -9. Let u = -1 + r. Let n = 1 + 2. Calculate the remainder when u is divided by n.
2
Suppose 2*d + 35 = 7*d. Suppose j = -5*g + 129, 3*g - d*g + 102 = 2*j. Calculate the remainder when 129 is divided by g.
25
Suppose -69 = 5*p - 2*p. Calculate the remainder when (p/(-2))/((-2)/(-4)) is divided by (6/5)/(6/40).
7
Let i = 328 + -307. What is the remainder when 271 is divided by i?
19
Suppose 40*q = 41*q - 120. Calculate the remainder when q is divided by 31.
27
Suppose -4*v + 0*k - 3*k = -26, 0 = v + 4*k. What is the remainder when 11 is divided by v?
3
Let u = 17 - 21. Let z = 10 + u. What is the remainder when 39 is divided by z?
3
Suppose 35*d = -13 + 58 + 130. Let k = 3 + 1. Calculate the remainder when d is divided by k.
1
Let n(d) = -3*d + 22. Let l be (5/(-4))/((-17)/68). Calculate the remainder when ((-4)/6)/((-2)/60) is divided by n(l).
6
Let z(y) = -y**3 + 2*y**2 + 4*y + 1. Let o be z(3). What is the remainder when (-309)/(-6) + (-2)/o is divided by 26?
25
Suppose 42*l - 1798 = 27728. What is the remainder when l is divided by 15?
13
Let b = -2 + 10. Let s = -4 + b. Suppose 0 = 4*l - 12, -s*l - 128 = -4*k - 0*l. What is the remainder when k is divided by 12?
11
Let u = 45 + -33. Suppose 7*n = u*n - 55. Calculate the remainder when n is divided by 6.
5
Suppose -8*j = -369 + 1. Let w(v) = v**3 + 6*v**2 + 3*v + 2. What is the remainder when j is divided by w(-5)?
10
Let a = -13 - -6. Let v(r) = -5*r + 10. Calculate the remainder when v(a) is divided by 16.
13
Let j = -503 + 530. Let h = -151 + 256. What is the remainder when h is divided by j?
24
Suppose 34 = 5*x - 16. Suppose 2*v + 4*u - x = 14, 3*v + 2*u - 36 = 0. Suppose 5*q - v - 58 = 0. Calculate the remainder when 53 is divided by q.
11
Let t = 22 - 11. What is the remainder when t is divided by 13 - (5 + (-4 - -6))?
5
Let t = 165 + -33. What is the remainder when t is divided by 45?
42
Suppose -1 = n + s - 0*s, -4*n = -s + 9. Let o(a) = 4*a**2 + 6*a + 2. Calculate the remainder when 9 is divided by o(n).
3
Let h(o) = -o**2 - 5*o - 3. Let m be h(-3). Suppose -31 = -4*a + m*a. What is the remainder when a is divided by 11?
9
Suppose -44 = 3*d - 2*i, -14 = 4*d + 5*i + 14. Let n(q) = -3*q - 4. Let h be n(d). Let w = h + -16. What is the remainder when 45 is divided by w?
13
Let n = 22 + -22. Suppose n = s - 3*o - 24, -4*o = -s - 0 + 28. What is the remainder when 92 is divided by s?
8
Let p = 2843 + -2812. What is the remainder when p is divided by 19?
12
Suppose 17 = 5*u + 2*f - 11, -u - 4*f + 2 = 0. Let a = -18 - -29. Calculate the remainder when a is divided by u.
5
Suppose 13 - 1 = 3*g. Suppose -3*v + 19 = 7. Suppose v = m + 3*r, 3*m - r - 68 = -2*m. What is the remainder when m is divided by g?
1
Calculate the remainder when 134 is divided by 10*(-1)/(-5) - -48.
34
Let h = -49 + 83. What is the remainder when 609 is divided by h?
31
Let t(x) = -6*x - 3. Let a be t(-1). Suppose -5*b + 2*m + 114 = 0, 16 = -2*b - a*m + 54. What is the remainder when 84 is divided by b?
18
Let v(q) = 3*q**3 + 4*q**2 + 3*q + 10. What is the remainder when v(5) is divided by 28?
24
Suppose 0 = -6*i + 9*i - 48. Let y(j) = 13*j - 235. Let s(w) = 3*w - 59. Let f(t) = -9*s(t) + 2*y(t). Calculate the remainder when f(0) is divided by i.
13
Suppose -5*m + 184 = 3*m. What is the remainder when 158 is divided by m?
20
Let r be 2/(-3) + (-165)/(-45). Suppose i - 3*a + 2*a - 18 = 0, -3*i + 54 = r*a. Calculate the remainder when i is divided by 10.
8
Let p be (1 + -1)/(-4)*-1. Suppose p*j + 3*j = 93. What is the remainder when j is divided by (46/3 - -2) + (-4)/12?
14
Calculate the remainder when -6 - (-110 + 3 + -3) is divided by 21.
20
Suppose -13*a = -16*a + p + 55, -45 = -2*a - p. What is the remainder when 30 is divided by a?
10
Calculate the remainder when (-278)/(-2) + -3 + 4 is divided by 13.
10
Suppose -35*y = -43*y + 464. Calculate the remainder when 127 is divided by y.
11
Suppose -17 + 61 = 4*j. Suppose -10*m = -j*m. Calculate the remainder when 50 is divided by 17/((m - 3) + 4).
16
Suppose 273 = 4*x - 4*m - 175, -336 = -3*x - 3*m. Suppose -108*g + 5059 = 955. Calculate the remainder when x is divided by g.
36
Suppose 0 = 3*y - 2001 - 639. What is the remainder when y is divided by 49?
47
Let h be (-6)/(0 - 3/(-6) - 2). Suppose 185 = i + h*i. Calculate the remainder when i is divided by 6.
1
Suppose 0*h - 5*h + 515 = 0. Let v = -69 + h. Suppose -3 = y + 3*g, 5*g = -4*y - 2 + 25. Calculate the remainder when v is divided by y.
10
Suppose -16 = -5*d + 4. Let w(h) = -5*h + 2*h - h - h - 26. What is the remainder when w(-7) is divided by d?
1
Let m(u) be the first derivative of 3*u**2/2 + 4*u + 17. Calculate the remainder when 28 is divided by m(4).
12
Let r = -193 - -259. Calculate the remainder when r is divided by 17.
15
Let d = -133 - -186. Suppose 109 - d = 4*h. Calculate the remainder when 38 is divided by h.
10
What is the remainder when 99 is divided by 3/((-4)/(-42) + 39/(-630))?
9
Let t be 117/(-5) - 10/(-25). What is the remainder when (t/(-2))/(2/4) is divided by 8?
7
Suppose -54 = -4*p + p. Let r(t) = -89*t**3 - t**2 - t - 1. Calculate the remainder when r(-1) is divided by p.
16
Let m(r) be the third derivative of r**6/60 + r**5/60 - r**4/6 + r**3 - 36*r**2. What is the remainder when 32 is divided by m(2)?
14
Suppose -v = 4*l + l + 3, 3*v = -l + 61. Calculate the remainder when ((-5 + 2)/((-18)/516))/1 is divided by v.
20
Suppose 3*l = 641 - 620. Calculate the remainder when 24 is divided by l.
3
Let l(r) = 2*r**2 - 10*r - 43. What is the remainder when l(-5) is divided by 22?
13
Suppose m = -3*h - 2*m + 978, 2*h - m = 637. Let q = -203 + h. Calculate the remainder when q is divided by 15.
13
Let a(l) = 2*l**2 + 7*l + 3. Let h be a(-5). Let t be (h/27)/(4/(-6)). What is the remainder when (t*1)/(6/(-126)) is divided by 6?
3
Suppose 0 = -0*l + 4*l - 3*y - 33, -2*l - y = -29. Suppose 0 = 11*p - 33 + 11. What is the remainder when l is divided by p?
0
Suppose y = -4*q - y + 218, 0 = y + 5. Let n = -31 + q.